{"id":7479,"date":"2020-06-05T13:53:02","date_gmt":"2020-06-05T11:53:02","guid":{"rendered":"https:\/\/www.uscars-technologie.com\/voiture-americaine-france\/?page_id=7479"},"modified":"2020-06-15T16:23:43","modified_gmt":"2020-06-15T14:23:43","slug":"ford-f-150-une-mecanique-resistante","status":"publish","type":"page","link":"https:\/\/www.uscars-technologie.com\/voiture-americaine-france\/ford-f-150-une-mecanique-resistante\/","title":{"rendered":"Ford F 150 : Une m\u00e9canique r\u00e9sistante"},"content":{"rendered":"\t\t<div data-elementor-type=\"wp-page\" data-elementor-id=\"7479\" class=\"elementor elementor-7479\" data-elementor-post-type=\"page\">\n\t\t\t\t\t\t<section class=\"elementor-section elementor-top-section elementor-element elementor-element-96ffe3a elementor-section-boxed elementor-section-height-default elementor-section-height-default\" data-id=\"96ffe3a\" data-element_type=\"section\" data-e-type=\"section\">\n\t\t\t\t\t\t<div class=\"elementor-container elementor-column-gap-default\">\n\t\t\t\t\t<div class=\"elementor-column elementor-col-50 elementor-top-column elementor-element elementor-element-241a9e2\" data-id=\"241a9e2\" data-element_type=\"column\" data-e-type=\"column\">\n\t\t\t<div class=\"elementor-widget-wrap elementor-element-populated\">\n\t\t\t\t\t\t<div class=\"elementor-element elementor-element-b807537 elementor-widget elementor-widget-image\" data-id=\"b807537\" data-element_type=\"widget\" data-e-type=\"widget\" data-widget_type=\"image.default\">\n\t\t\t\t<div class=\"elementor-widget-container\">\n\t\t\t\t\t\t\t\t\t\t\t\t\t\t\t<img fetchpriority=\"high\" decoding=\"async\" width=\"1440\" height=\"960\" src=\"https:\/\/www.uscars-technologie.com\/voiture-americaine-france\/wp-content\/uploads\/2020\/06\/ford-f150-mecanique.jpeg\" class=\"attachment-full size-full wp-image-7395\" alt=\"\" srcset=\"https:\/\/www.uscars-technologie.com\/voiture-americaine-france\/wp-content\/uploads\/2020\/06\/ford-f150-mecanique.jpeg 1440w, https:\/\/www.uscars-technologie.com\/voiture-americaine-france\/wp-content\/uploads\/2020\/06\/ford-f150-mecanique-300x200.jpeg 300w, https:\/\/www.uscars-technologie.com\/voiture-americaine-france\/wp-content\/uploads\/2020\/06\/ford-f150-mecanique-1024x683.jpeg 1024w, https:\/\/www.uscars-technologie.com\/voiture-americaine-france\/wp-content\/uploads\/2020\/06\/ford-f150-mecanique-768x512.jpeg 768w\" sizes=\"(max-width: 1440px) 100vw, 1440px\" \/>\t\t\t\t\t\t\t\t\t\t\t\t\t\t\t<\/div>\n\t\t\t\t<\/div>\n\t\t\t\t\t<\/div>\n\t\t<\/div>\n\t\t\t\t<div class=\"elementor-column elementor-col-50 elementor-top-column elementor-element elementor-element-a85cc26\" data-id=\"a85cc26\" data-element_type=\"column\" data-e-type=\"column\">\n\t\t\t<div class=\"elementor-widget-wrap elementor-element-populated\">\n\t\t\t\t\t\t<div class=\"elementor-element elementor-element-6ac348a elementor-widget elementor-widget-heading\" data-id=\"6ac348a\" data-element_type=\"widget\" data-e-type=\"widget\" data-widget_type=\"heading.default\">\n\t\t\t\t<div class=\"elementor-widget-container\">\n\t\t\t\t\t<h2 class=\"elementor-heading-title elementor-size-large\">Montez \u00e0 bord de n\u2019importe quel mod\u00e8le F-150 du vaillant XL au raffin\u00e9 LIMITED et roulez sur le ch\u00e2ssis le plus robuste jamais cr\u00e9\u00e9. <\/h2>\t\t\t\t<\/div>\n\t\t\t\t<\/div>\n\t\t\t\t<div class=\"elementor-element elementor-element-c7fdbce elementor-widget elementor-widget-text-editor\" data-id=\"c7fdbce\" data-element_type=\"widget\" data-e-type=\"widget\" data-widget_type=\"text-editor.default\">\n\t\t\t\t<div class=\"elementor-widget-container\">\n\t\t\t\t\t\t\t\t\t<p>Un ch\u00e2ssis modulaire en caisson fait de 78 % d\u2019<strong>acier\u00a0 haute r\u00e9sistance<\/strong>. Ce m\u00e9tal solide est \u00e0 la base des huit traverses robustes (cinq d\u2019entre elles sont soud\u00e9es et embo\u00eet\u00e9es) et des longerons de cadre \u00e0 grand profil. Il forme une plate-forme parfaite pour accueillir la carrosserie et le plateau r\u00e9volutionnaire en alliage d\u2019aluminium haute r\u00e9sistance de type militaire.\u00a0<\/p><p>Une composition qui <strong>ne rouille pas<\/strong> et <strong>r\u00e9siste \u00e0 la corrosion<\/strong> : autrement dit, con\u00e7ue pour durer.<\/p>\t\t\t\t\t\t\t\t<\/div>\n\t\t\t\t<\/div>\n\t\t\t\t\t<\/div>\n\t\t<\/div>\n\t\t\t\t\t<\/div>\n\t\t<\/section>\n\t\t\t\t<section class=\"elementor-section elementor-top-section elementor-element elementor-element-e9636d2 elementor-section-boxed elementor-section-height-default elementor-section-height-default\" data-id=\"e9636d2\" data-element_type=\"section\" data-e-type=\"section\">\n\t\t\t\t\t\t<div class=\"elementor-container elementor-column-gap-default\">\n\t\t\t\t\t<div class=\"elementor-column elementor-col-100 elementor-top-column elementor-element elementor-element-785da9f\" data-id=\"785da9f\" data-element_type=\"column\" data-e-type=\"column\">\n\t\t\t<div class=\"elementor-widget-wrap elementor-element-populated\">\n\t\t\t\t\t\t<div class=\"elementor-element elementor-element-306d47c elementor-align-right elementor-widget elementor-widget-button\" data-id=\"306d47c\" data-element_type=\"widget\" data-e-type=\"widget\" data-widget_type=\"button.default\">\n\t\t\t\t<div class=\"elementor-widget-container\">\n\t\t\t\t\t\t\t\t\t<div class=\"elementor-button-wrapper\">\n\t\t\t\t\t<a class=\"elementor-button elementor-button-link elementor-size-md\" href=\"https:\/\/www.uscars-technologie.com\/voiture-americaine-france\/une-motorisation-intelligente\/\">\n\t\t\t\t\t\t<span class=\"elementor-button-content-wrapper\">\n\t\t\t\t\t\t\t\t\t<span class=\"elementor-button-text\">LE F150 : Une motorisation intelligente &gt;&gt;<\/span>\n\t\t\t\t\t<\/span>\n\t\t\t\t\t<\/a>\n\t\t\t\t<\/div>\n\t\t\t\t\t\t\t\t<\/div>\n\t\t\t\t<\/div>\n\t\t\t\t\t<\/div>\n\t\t<\/div>\n\t\t\t\t\t<\/div>\n\t\t<\/section>\n\t\t\t\t<\/div>\n\t\t","protected":false},"excerpt":{"rendered":"<p>Montez \u00e0 bord de n\u2019importe quel mod\u00e8le F-150 du vaillant XL au raffin\u00e9 LIMITED et roulez sur le ch\u00e2ssis le plus robuste jamais cr\u00e9\u00e9. Un ch\u00e2ssis modulaire en caisson fait de 78 % d\u2019acier\u00a0 haute r\u00e9sistance. Ce m\u00e9tal solide est \u00e0 la base des huit traverses robustes (cinq d\u2019entre elles sont soud\u00e9es et embo\u00eet\u00e9es) et [&hellip;]<\/p>\n","protected":false},"author":1,"featured_media":0,"parent":0,"menu_order":0,"comment_status":"closed","ping_status":"closed","template":"","meta":{"footnotes":""},"class_list":["post-7479","page","type-page","status-publish","hentry"],"aioseo_notices":[],"_links":{"self":[{"href":"https:\/\/www.uscars-technologie.com\/voiture-americaine-france\/wp-json\/wp\/v2\/pages\/7479","targetHints":{"allow":["GET"]}}],"collection":[{"href":"https:\/\/www.uscars-technologie.com\/voiture-americaine-france\/wp-json\/wp\/v2\/pages"}],"about":[{"href":"https:\/\/www.uscars-technologie.com\/voiture-americaine-france\/wp-json\/wp\/v2\/types\/page"}],"author":[{"embeddable":true,"href":"https:\/\/www.uscars-technologie.com\/voiture-americaine-france\/wp-json\/wp\/v2\/users\/1"}],"replies":[{"embeddable":true,"href":"https:\/\/www.uscars-technologie.com\/voiture-americaine-france\/wp-json\/wp\/v2\/comments?post=7479"}],"version-history":[{"count":0,"href":"https:\/\/www.uscars-technologie.com\/voiture-americaine-france\/wp-json\/wp\/v2\/pages\/7479\/revisions"}],"wp:attachment":[{"href":"https:\/\/www.uscars-technologie.com\/voiture-americaine-france\/wp-json\/wp\/v2\/media?parent=7479"}],"curies":[{"name":"wp","href":"https:\/\/api.w.org\/{rel}","templated":true}]}}